 - 5*d = -18*s - 28. Calculate the remainder when 1457 is divided by s.
17
Let l(w) = 15*w**2 + 8*w - 25. Calculate the remainder when l(19) is divided by 22.
20
Suppose 62417 - 13091 = 81*a - 15879. What is the remainder when a is divided by 82?
67
Let l = -9903 + 10477. Calculate the remainder when l is divided by 537.
37
Calculate the remainder when 277 is divided by (-7)/(-21)*426 + (-4)/(-6)*-3.
137
Suppose -3*w + 2*a = -403, -2*w - 145 = 3*a - 431. Calculate the remainder when 941 is divided by w.
119
Let n = -2178 - -2238. Calculate the remainder when 3657 is divided by n.
57
Let v = -677 - -729. Suppose v*f = 61*f - 657. Calculate the remainder when 288 is divided by f.
69
Suppose 122*g = -280*g + 255672. Calculate the remainder when g is divided by 7.
6
Let h(d) = -52*d + 35. Let p be h(-5). Suppose -322 = p*f - 302*f. Calculate the remainder when f is divided by 37.
9
Suppose 614 = 2*n - 2*j, -16*n + 2149 = -9*n + j. What is the remainder when n is divided by 13?
8
Let p(u) = -3*u - 121. Let z be p(-40). What is the remainder when 31 is divided by (1 + 14 + -14)/(z/(-19))?
12
Suppose -26*z = -11*z - 7530. Suppose -7*d - 243 = -z. What is the remainder when 775 is divided by d?
35
Suppose 114*h - 109*h - 725 = 0. What is the remainder when 404 is divided by h?
114
Suppose -4*x + 14 = 4*a - 6*x, -2*x + 10 = 4*a. Let j(o) = o**2 + 3*o + 4. What is the remainder when 75/a - (-72)/12 is divided by j(-4)?
7
Let q(r) = 7*r - 25. Let f be q(6). Suppose 0 = f*p - 15*p - 56. Let d = p - 5. What is the remainder when d is divided by 9?
5
Let r be ((-2464)/3)/(-11) - (-2)/(-3). Suppose 78*q - 388 = r*q. What is the remainder when q is divided by 11?
9
Suppose -11*u = 84 - 480. What is the remainder when 315 is divided by u?
27
Let h be 45/10*(-16)/(-36). Suppose 101 - 419 = -h*x. Let o = x + -88. Calculate the remainder when o is divided by 18.
17
Suppose -125 = -3*u - 77*a + 81*a, 0 = -u + 4*a + 31. What is the remainder when 499 is divided by u?
29
Let r(g) = 2*g**2 - 49*g + 619. Calculate the remainder when r(27) is divided by 208.
130
Let v(f) = f**3 + 20*f**2 - 10*f - 25. Let s be v(-22). Let r = 1150 + s. Suppose 8*c = 71 + r. What is the remainder when 109 is divided by c?
53
Suppose -5*k = h - 8 + 12, 3*k + 75 = 6*h. Calculate the remainder when 491 is divided by h.
7
Suppose 395 = 7*c + 73. Let p = 3 - -1. Suppose -o = -p*k + 8, 27 = 3*o + 2*k - 19. Calculate the remainder when c is divided by o.
10
Let n = -229 + 235. Suppose n*b - 34 = 2*b - 2*m, m = -b + 10. Calculate the remainder when 18 is divided by b.
4
Let y = 5706 - 5682. What is the remainder when (138/15)/((-6)/(-30)) is divided by y?
22
Let o = 66 + -22. Let q = o + -26. What is the remainder when 53 is divided by q?
17
Let f(w) = -8*w + 34. Let k be f(4). Suppose k*i - 6 = 4. Suppose 2*j - 4*z = -z + 2, -i*j + z = -18. What is the remainder when 23 is divided by j?
3
Suppose 0 = 214*k - 288*k + 2738. What is the remainder when 922 is divided by k?
34
Suppose -431 = -84*n + 2257. Calculate the remainder when 83 is divided by n.
19
Calculate the remainder when 4237 is divided by 22 - -4 - (-26)/26.
25
Let z(f) = -3*f**2 + 46*f + 55. Suppose -4*d + 70 = 3*t - t, -4*d - t + 67 = 0. What is the remainder when 895 is divided by z(d)?
21
Suppose 3*a = a + 110. Let c = 94 + -92. Suppose -5*l - c*t = -97, -l + 4*l + 4*t - 61 = 0. What is the remainder when a is divided by l?
17
Let c(u) = 9*u - 42. Let a be c(14). Let f = a + -82. Suppose f*s = -5*x + 63, -3*x + 2 - 25 = -2*s. Calculate the remainder when s is divided by 7.
5
Suppose -2*h = 2*o - 7*o - 42, 5*h - 13 = o. Calculate the remainder when 261 is divided by (4 + 0)*o*(-5)/20.
5
Suppose 7*r - 338 = 5*r. Let b = -1242 + 1299. What is the remainder when r is divided by b?
55
Calculate the remainder when (-8*(-11)/(-176))/((-1)/1876) is divided by 18.
2
Suppose -45 = -5*a - 4*m, 2*a = -3*a - 5*m + 50. Suppose 4*j = 2*k - 66, a*k - 2*j - 86 = 55. What is the remainder when k is divided by 21?
6
Suppose -179*f - 5430 + 16349 = 0. Calculate the remainder when 291 is divided by f.
47
Let j = -500 - -1004. Let z = -501 + j. What is the remainder when 4 is divided by z?
1
Let b be 5/(-2)*(6 + 38/(-5)). Suppose -b*y + 2*w = -68, 2*w - 40 = -3*y - 2*w. What is the remainder when y is divided by 8?
0
Suppose 5*i - 8743 - 3707 = -25*i. Calculate the remainder when i is divided by 81.
10
Let t(m) = -15*m + 1118. Calculate the remainder when t(54) is divided by 54.
38
Let x(j) = 27*j + 1. Calculate the remainder when (-150)/425*-51*110/12 is divided by x(1).
25
Suppose -l = 1, -153*r - l + 991 = -151*r. What is the remainder when r is divided by 493?
3
Let s = -1351 + 2069. Calculate the remainder when s is divided by 24.
22
Let q = 876 - 742. Suppose -q*b + 138*b - 936 = 0. What is the remainder when b is divided by 20?
14
Suppose -409 = -1972*m + 78471. Suppose 0 = 2*f - 121 - 109. Calculate the remainder when f is divided by m.
35
Let b = -771 - -774. Suppose c = 2*z - 6, -5*c = -2*z - b*c + 2. What is the remainder when 12 is divided by z?
2
Let j be 224/392*28/(-2). Calculate the remainder when 54 is divided by 23 + (j/(-16) - (-7)/(-2)).
14
Suppose 81 + 1723 = 22*r. Calculate the remainder when 1885 is divided by r.
81
Let r = 177 - 175. Suppose 4*m = -0*x - x + 37, 4*m - 27 = x. What is the remainder when m is divided by 2*(2 + 2)/r?
0
Let l = -2976 + 2991. Calculate the remainder when 786 is divided by l.
6
Let q(m) = 2*m**3 - 17*m**2 + 22*m + 7. Suppose -t - 4*f = 13, -2 - 1 = t + 2*f. Let h = 15 - -39. What is the remainder when h is divided by q(t)?
12
Let w be 3/((-2)/(16/6)) - 0. Let k be ((-2)/(w/5))/(69/(-2760)). Let p = k + 117. What is the remainder when p is divided by 5?
2
Suppose -z - 5*h - 18 = -0, z = -h + 2. Let o(d) = -18*d + 209. Calculate the remainder when o(7) is divided by z.
6
Let m(i) = -2*i**3 - 206*i**2 - 196*i + 1375. What is the remainder when m(-102) is divided by 62?
1
Suppose -2250*l = -2260*l + 460. What is the remainder when 6392 is divided by l?
44
Calculate the remainder when (-14 + -17)/((-18)/(-21) + -1) is divided by 58.
43
Suppose 0 = 4*z - 3*t - 251, z - 3*t - 62 = -2*t. Let r(g) = -13*g - 2 - g**2 - 2 + 19 + 5*g. Calculate the remainder when z is divided by r(-9).
5
Suppose -123761 = -34*i + 27369. Calculate the remainder when i is divided by 117.
116
Let s = -5949 - -6323. Calculate the remainder when 1145 is divided by s.
23
Let q(s) = -s**2 - 10*s - 7. Let x be q(-9). Suppose -h = -3*k - 160, 3*h + x*h = k + 856. What is the remainder when h is divided by 11?
7
Suppose 0 = 21*g - 1113 + 798. What is the remainder when 1541 is divided by g?
11
Let f = -157 + 160. Suppose 9*n - f = -2*t + 4*n, n - 51 = -4*t. What is the remainder when 67 is divided by t?
11
Suppose -66 = -n - 3*y + 177, 0 = 5*n + 4*y - 1270. Calculate the remainder when n is divided by 50.
8
Suppose 2*n - 5*n + 9 = 0. Suppose n*q - 4*q = -29. Suppose 0 = 4*t - 4*i - 72, t - 4*i + 72 = 6*t. What is the remainder when q is divided by t?
13
Let p be (9/6)/((-6)/8). Let b = p - -10. Calculate the remainder when b is divided by 6*375/90*(-5)/(-25).
3
Let b(l) = -74*l - 1. Suppose 40*s - 47*s + 4564 = 0. Let d = -615 + s. Calculate the remainder when b(-2) is divided by d.
36
Suppose -5*i + 15752 = -3*a, -12608 = 1009*i - 1013*i + 4*a. What is the remainder when i is divided by 39?
28
Suppose -5*z = 0, 16*o - 2*z = 11*o + 15. Suppose 0 = -o*u + 4*n + 296, 0 = -u - 5*n - 58 + 163. What is the remainder when u is divided by 15?
10
Let y be 1 + 37 - (0 + 5). Suppose 45*i = y*i + 216. What is the remainder when 81 is divided by i?
9
Let r(l) = 5*l + 11. Let a be r(-5). Let g(m) = m**3 + 15*m**2 + 13*m + 2. Let p be g(a). Suppose 3*f = p - 7. Calculate the remainder when 21 is divided by f.
0
Let u(w) = 2*w**3 + 17*w**2 - 2*w - 7. Calculate the remainder when u(-8) is divided by 45.
28
Let r = 3975 + -3909. What is the remainder when 340 is divided by r?
10
Suppose 2043*c + 376 = 2045*c. Calculate the remainder when 2273 is divided by c.
17
Suppose -96*s - 50 = -101*s. Let g = 30 + -28. Suppose l + 5*a - 47 = 0, a - 4*a - 42 = -g*l. What is the remainder when l is divided by s?
7
Let i(v) be the first derivative of -v**3/3 + 17*v